et h(g) = -g**2 - 46. What is h(0)?
-46
Let g(x) = 2*x**2 + 3*x - 6. Calculate g(-5).
29
Let m(l) = -l**3 - 13*l**2 - 18*l + 24. Give m(-11).
-20
Let w(y) = y + 1. What is w(6)?
7
Let p(x) = -x**3 - 5*x**2 - 2*x - 47. What is p(-6)?
1
Let j(x) = 3*x**2 + 61*x - 34. What is j(-21)?
8
Let k(x) = -x**3 + 5*x - 41. Determine k(-4).
3
Let d(y) = 2*y**2 - 9*y + 12. What is d(7)?
47
Let d(g) = -2*g**2 - 7*g + 19. What is d(2)?
-3
Let r(n) = n**3 + n - 1. What is r(-2)?
-11
Let h(a) = -5*a + 40. Determine h(9).
-5
Let c(u) = -u**3 + 20*u**2 - 17*u - 11. Give c(19).
27
Let n(o) = o - 40. Give n(-18).
-58
Let i(l) = 3*l**2 - l. What is i(-1)?
4
Let g(y) = -y - 15. Calculate g(-9).
-6
Let w(b) = -b**2 + 12*b. Give w(10).
20
Let k(z) = 7*z - 1. Give k(4).
27
Let o(h) = -33*h + 141. Calculate o(5).
-24
Let y(w) = -17*w + 108. Determine y(9).
-45
Let j(a) = a**2 - 24*a - 5. Give j(24).
-5
Let x(a) = -a**2 + 3*a + 27. What is x(-4)?
-1
Let m(d) = -d**3 - 13*d**2 - 12*d - 3. Calculate m(-12).
-3
Let r(m) = -m**3 - 4*m**2 + m - 5. Calculate r(-5).
15
Let a(z) = -z**3 + 3*z**2 - 2*z - 1. Give a(3).
-7
Let l(i) = -75*i + 4. Calculate l(-2).
154
Let j(o) = -22*o + 5. Give j(1).
-17
Let c(y) = -12*y - 100. Give c(-9).
8
Let h(i) = 8*i**2 + 4*i. Determine h(-3).
60
Let m(f) = -6*f + 1. Give m(0).
1
Let x(f) = -4*f**3 - f**2 - 2*f + 2. Give x(1).
-5
Let w(d) = -d + 11. Determine w(-4).
15
Let u(g) = g**3 - 10*g**2 - 3*g + 30. Calculate u(10).
0
Let y(z) = -78*z - 82. Give y(-1).
-4
Let t(w) = 32*w**2 - 4*w + 4. What is t(1)?
32
Let c(r) = r**2 + 3*r - 64. Determine c(-10).
6
Let d(y) = y**3 + 6*y**2 + 2*y + 6. What is d(-5)?
21
Let o(a) = -4*a + 41. Calculate o(17).
-27
Let s(r) = 4*r + 29. What is s(-8)?
-3
Let i(s) = 2*s - 3. Give i(2).
1
Let m(i) = -i - 13. What is m(-7)?
-6
Let r(q) = 7*q**2 + 3*q - 1. Calculate r(-1).
3
Let j(i) = i**2 - 29*i - 36. What is j(31)?
26
Let w(m) = -7*m - 9. What is w(-2)?
5
Let b(m) = -2*m + 9. What is b(5)?
-1
Let c(t) = -8*t**2 - 19*t + 2. Give c(-3).
-13
Let g(r) = 11*r + 5. Determine g(-1).
-6
Let q(p) = -4*p + 17. Give q(4).
1
Let z(r) = -r**2 - 3. Determine z(-4).
-19
Let g(i) = i**2 + 16*i + 53. What is g(-13)?
14
Let g(d) = -d**3 - 30*d**2 - 32*d - 89. Determine g(-29).
-2
Let q(y) = -53*y + 42. Determine q(3).
-117
Let v(y) = -2*y**2 + 10*y + 102. Calculate v(12).
-66
Let x(q) = q**3 - 9*q**2 + q - 12. What is x(9)?
-3
Let k(z) = 28*z + 28. Determine k(-1).
0
Let l(g) = -4*g - 24. Give l(-5).
-4
Let i(x) = -x**2 - 5*x - 1. What is i(-4)?
3
Let s(x) = x**3 - 15*x**2 + 5*x - 34. What is s(15)?
41
Let f(l) = l**3 + l**2 - 5*l + 5. Determine f(2).
7
Let d(z) = z**2 + 17*z + 39. Determine d(-14).
-3
Let a(j) = -6*j - 343. Calculate a(-56).
-7
Let g(b) = -8*b - 157. Determine g(-16).
-29
Let v(c) = c**2 + 13*c - 32. Calculate v(-15).
-2
Let i(q) = 3*q - 43. Calculate i(6).
-25
Let q(g) = g**3 + 9*g**2 + 9*g. Give q(-8).
-8
Let s(q) = -24*q + 353. Give s(15).
-7
Let l(o) = 7*o. Determine l(-4).
-28
Let x(t) = -t**3 - 61*t**2 - 278*t + 110. Give x(-56).
-2
Let j(h) = 2*h**2 + h + 3. What is j(-3)?
18
Let h(o) = 8*o - 47. Give h(7).
9
Let c(i) = i**2 - 10*i - 55. What is c(17)?
64
Let v(k) = -k**2 - k + 1. Give v(2).
-5
Let i(g) = g**2 + 6*g - 1. Give i(4).
39
Let r(v) = 2*v**3 + 8*v**2 - 3*v - 7. Give r(-4).
5
Let a(o) = o**3 - 2*o**2 - 6*o + 5. What is a(3)?
-4
Let y(j) = j**3 - 8*j**2 + 10*j + 8. Calculate y(5).
-17
Let o(x) = -2*x + 16. Determine o(-7).
30
Let p(y) = -16*y + 121. Give p(8).
-7
Let v(m) = -2*m**2 - 4*m + 9. Determine v(-3).
3
Let v(a) = -2*a - 27. Calculate v(5).
-37
Let k(p) = 11*p**2 - 5*p. Calculate k(2).
34
Let p(b) = -b**3 + 15*b**2 - 12*b + 13. Calculate p(14).
41
Let i(w) = -w**3 - 5*w**2 + 6*w + 10. What is i(-6)?
10
Let h(f) = 41*f - 1681. Give h(41).
0
Let b(c) = -46*c**3 + c**2 + c. Determine b(-1).
46
Let d(g) = -g**2 + 16*g + 17. What is d(17)?
0
Let u(m) = -7*m + 3. Give u(-2).
17
Let m(i) = -i**2 + 69*i + 452. What is m(-6)?
2
Let f(k) = k**2 + 29*k + 133. What is f(-23)?
-5
Let a(f) = -f**3 + 7*f**2 + 2*f - 2. What is a(6)?
46
Let z(l) = -2*l**3 - 4*l**2 + 7*l + 6. Determine z(-4).
42
Let b(y) = y**3 - 4*y**2 - 6*y + 3. Determine b(5).
-2
Let x(h) = h - 8. What is x(-13)?
-21
Let h(b) = b**2 - 3*b - 5. Determine h(-4).
23
Let o(a) = -5*a. Give o(-1).
5
Let x(q) = q**3 + 8*q**2 - 10*q - 8. What is x(-9)?
1
Let t(x) = -4*x**2 - 71*x + 88. Give t(-19).
-7
Let w(r) = 9*r - 2. Calculate w(-1).
-11
Let y(k) = 2*k**2 + 3*k + 2. Determine y(3).
29
Let f(i) = -i**3 - 3*i**2 + 6*i - 28. Calculate f(-5).
-8
Let m(c) = -3*c**2 - 8*c + 12. Give m(-7).
-79
Let a(u) = -u**3 + 12*u**2 + 13*u + 3. Give a(13).
3
Let v(k) = k**3 + 24*k**2 + 43*k - 15. Determine v(-22).
7
Let q(f) = f**2 + 6*f + 10. Determine q(-6).
10
Let n(s) = -2*s**3 - s**2 + s + 3. Determine n(-2).
13
Let q(d) = 6*d**2 + 3*d - 4. Determine q(3).
59
Let i(z) = z**3 + 11*z**2 + 10*z + 4. Calculate i(-5).
104
Let q(k) = k**3 + 7*k**2 - 2*k - 12. Give q(-7).
2
Let v(l) = -l**3 - 7*l**2 + 2*l - 11. What is v(-7)?
-25
Let s(z) = -11*z + 65. Give s(5).
10
Let o(g) = g**2 + 15*g + 37. Determine o(-11).
-7
Let i(r) = -r**3 - 5*r**2 + 3*r + 9. Determine i(-4).
-19
Let q(m) = -3*m**2 - 6*m + 16. Calculate q(2).
-8
Let j(w) = 3*w + 14. Determine j(-11).
-19
Let c(p) = -p**2 + 13*p - 14. Give c(7).
28
Let q(g) = 11*g + 5. Give q(-1).
-6
Let a(t) = t**3 + 24*t**2 + 20*t - 41. Calculate a(-23).
28
Let z(u) = 9*u + 10. Calculate z(6).
64
Let v(x) = -x**3 - 26*x**2 - 25*x - 15. Calculate v(-25).
-15
Let n(t) = t - 9. Determine n(7).
-2
Let x(t) = 55*t - 4. Determine x(-1).
-59
Let g(u) = 37*u - 79. Give g(2).
-5
Let x(m) = -31*m**2 + m + 1. What is x(-1)?
-31
Let v(o) = -o**2 + 5*o + 2. Determine v(6).
-4
Let q(k) = -k**2 - 4*k + 5. What is q(-6)?
-7
Let r(y) = y + 1. Determine r(-10).
-9
Let n(k) = -3*k - 37. Calculate n(-10).
-7
Let t(p) = 3*p + 8. Give t(3).
17
Let x(t) = -t**2 - 8*t. What is x(-8)?
0
Let q(c) = 17*c - 3. Determine q(0).
-3
Let g(o) = -2*o**2 - 2*o + 5. Give g(-4).
-19
Let j(a) = -a - 19. What is j(-11)?
-8
Let i(k) = -14*k + 37. Give i(9).
-89
Let m(u) = -u**3 - u**2 + 3*u + 5. Determine m(3).
-22
Let b(g) = g**2 - 36*g + 121. Give b(33).
22
Let t(x) = -x**3 + 6*x**2 - x + 6. Determine t(6).
0
Let b(c) = 2*c**3 + 3*c**2 - 21*c - 10. What is b(-4)?
-6
Let b(m) = 36*m - 1078. Give b(30).
2
Let s(h) = -36*h + 35. Give s(1).
-1
Let i(o) = -o + 29. What is i(0)?
29
Let t(q) = -2*q**3 - q**2 + 4*q - 15. Give t(-3).
18
Let i(m) = -21*m**2 - m - 1. Calculate i(1).
-23
Let n(d) = d**2 - 2*d - 42. Determine n(-6).
6
Let j(x) = -3*x + 60. What is j(21)?
-3
Let w(l) = l**2 - 12*l - 13. Calculate w(13).
0
Let g(w) = -2*w - 68. Give g(-28).
-12
Let z(j) = -j**3 - 6*j**2 + j + 5. Calculate z(-4).
-31
Let a(p) = p**3 - 11*p**2 + 8*p - 6. What is a(11)?
82
Let l(c) = -c**2 - 17*c - 52. What is l(-6)?
14
Let u(t) = -t**3 + 8*t**2 - 7*t - 9. What is u(6)?
21
Let h(f) = -22*f + 19. What is h(2)?
-25
Let v(n) = n**2 - 12*n - 1. Calculate v(9).
-28
Let a(v) = -10*v - 48. Calculate a(-5).
2
Let r(q) = -6*q + 26. Determine r(5).
-4
Let v(q) = 4*q**2 - 2*q - 2. What is v(3)?
28
Let l(g) = -g**3 + g**2 + 3*g - 3. Calculate l(4).
-39
Let r(s) = -4*s + 21. What is r(4)?
5
Let j(w) = 2*w + 16. What is j(-11)?
-6
Let x(y) = 21*y**3 - 2*y**2 + 1. What is x(-1)?
-22
Let f(w) = -3*w - 7. Determine f(-4).
5
Let u(b) = b**3 - 9*b**2 + 20*b - 17. What is u(6)?
-5
Let h(w) = -77*w - 397. Determine h(-5).
-12
Let r(l) = 3*l**3 - 26*l**2 + 17*l - 2. Give r(8).
6
Let k(b) = 3*b - 1. Determine k(4).
11
Let w(p) = -2*p**2 + 6*p + 6. Determine w(-4).
-50
Let s(z) = z**2 - z - 4. Calculate s(-6).
38
Let q(v) = -10*v + 8. What is q(-4)?
48
Let v(a) = a**2 + 16*a - 2. What is v(-16)?
-2
Let o(k) = 2*k**3 + 3*k**2 + 3*k + 5. Calculate o(-3).
-31
Let d(v) = -v**3 + 5*v**2 - 3*v + 4. Determine d(5).
-11
Let c(f) = -f**3 + 20*f**2 + 44*f + 8. What is c(22)?
8
Let d(f) = f + 6. Give d(4).
10
Let f(i) = i**3 - i**2 - 9*i - 6. Calculate f(4).
6
Let h(n) = 10*n**2 - 87*n - 20. What is h(9)?
7
Let m(b) = b**2 + 16*b + 91. What is m(-10)?
31
Let d(a) = -7*a + 64. Determine d(9).
1
Let s(o) = -99*o**3 + 5*o**2 + o - 4. Give s(-1).
99
Let h(i) = i**3 - 24*i**2 + 2*i - 59. Calculate h(24).
-11